(s).
13
Suppose -2*g - 4 = -3*r, 0 = 2*r - 14 + 10. Let d(y) = 10*y**3 + 2 + 2*y - 4*y**2 - 3 + 2*y**2. What is d(g)?
9
Let m(f) = 3*f - 11. Let c be m(6). Suppose 3*o - 4 = c*o. Let n(y) = 23*y**2 + y + 1. Determine n(o).
23
Let z(s) = -6*s + 6. Suppose -1432*b + 60 = -1422*b. Calculate z(b).
-30
Let z(r) = -2*r**2 + 6*r + 7. Let o(a) = 5*a**2 - 13*a - 15. Let b(x) = -6*o(x) - 13*z(x). Calculate b(-1).
-5
Let j(f) = 3*f + 7. Let x(c) = 15*c + 36. Let u(m) = -24*j(m) + 5*x(m). Calculate u(-7).
-9
Suppose n - t = -3*n + 3, n + 3 = t. Let l(y) be the third derivative of 1/6*y**3 - 1/30*y**5 + 0*y**4 - 2*y**n + 0*y + 0. Determine l(-1).
-1
Let f(z) = 30*z + 19. Let m(v) = -17*v - 10. Let g(i) = 4*f(i) + 7*m(i). Calculate g(11).
17
Suppose 2*m - 5*v + 10 = 5*m, 2*v = 4*m - 22. Let a = -47 + 77. Suppose -2*b = -w + 6, 10*w = -5*b + m*w - a. Let i(o) = -o**2 - 6*o - 1. Give i(b).
7
Suppose -3*i = 54 + 6. Let q be 16/i*(2 - -3). Let d(c) = c**2 + 236*c - 233*c - 2 + 0. What is d(q)?
2
Let t(c) be the third derivative of -c**7/504 + c**6/360 - c**5/120 + 3*c**4/4 - 8*c**2. Let y(n) be the second derivative of t(n). Determine y(2).
-17
Let m(j) = -9*j + j**2 + 87 - 20 - 28 - 20 - 21. What is m(9)?
-2
Let n(m) = -4*m**3 + 7*m**2 - 6*m - 3. Let z(t) = 4*t**2 - 9*t + 0*t**3 - 5*t**2 + 10*t - t**3. Let d(y) = n(y) - 3*z(y). Determine d(9).
-3
Let k(y) = 2*y**3 - 2*y + 1. Let h be k(1). Suppose -5*o = 2*q - 4, -4*o = -2*q + h - 15. Let j(f) = 0*f - o + 2*f + 1 - 9*f + f**2. Determine j(7).
-1
Let r be -3*(0 + (-3)/9). Let g = 3 - 1. Let w(n) = 3*n**2 - 2*n**g + 2*n**2 - 1 + 2*n + n**2. Give w(r).
5
Let j(m) be the first derivative of m**5/60 + m**3/6 + 3*m**2/2 + 8. Let g(s) be the second derivative of j(s). Determine g(2).
5
Let u(v) be the second derivative of v**6/120 + v**5/60 + v**4/24 - 5*v**3/3 - 9*v. Let j(o) be the second derivative of u(o). Give j(-1).
2
Suppose 2*c + c - z = 13, -z - 4 = 0. Let l(o) = -209*o**3 + 2*o**2 - 218*o**3 + 426*o**3. Calculate l(c).
-9
Let p(t) = t**2 - 5*t - 1. Let w(u) = 6*u**2 - 24*u - 6. Let j(z) = 11*p(z) - 2*w(z). Calculate j(-7).
1
Let a(g) = -15*g + 5. Let q(o) = 7*o - 2. Let x(m) = -4*a(m) - 9*q(m). Let s(t) = 2*t - 3. Let f be s(7). Let i = f - 8. Determine x(i).
-11
Let w(a) = -6*a - 4. Let x(f) = 2*f + 1. Let t(p) = 3*w(p) + 10*x(p). Suppose 2*h + 5 = -7. Give t(h).
-14
Let j = 31 + -26. Let p(m) = -6*m + 5. Let d(a) = 5*a - 4. Let q(o) = j*d(o) + 4*p(o). Calculate q(1).
1
Let g(x) = -x**2 - 2*x + 4. Let t = -15 - -18. Suppose -24 = -t*y + 4*y + 5*a, 2*y + 12 = -a. Give g(y).
-4
Let q(h) be the second derivative of h**5/20 + 5*h**4/12 - h**2/2 + h - 14. What is q(-5)?
-1
Let y(s) = s**3 - 9*s**2 + 4*s + 7. Let b(g) = -4*g**2 + 2*g + 3. Let m(z) = -9*b(z) + 4*y(z). What is m(1)?
3
Let i(c) be the third derivative of 0*c + 1/24*c**4 + 0 - 30*c**2 - c**3 - 1/120*c**6 + 1/10*c**5. What is i(6)?
0
Let c be -2 + -1 + (-2)/(-2). Suppose -70 = -12*b - 10. Let t(a) = 4 - a - 2 - b. Give t(c).
-1
Let y(s) be the second derivative of -1/3*s**3 + 1/2*s**2 + 0 + 1/24*s**4 - 4*s. Let g(i) be the first derivative of y(i). Give g(0).
-2
Suppose -b - 27 = -4*b. Suppose 0 = 6*w - b*w + 624. Let g be w/(-36) - 2/9. Let t(k) = k + 2. Determine t(g).
-4
Suppose 20 - 15 = -u. Let t(b) = b**2 + 7. What is t(u)?
32
Suppose 4*l - 20 = 0, 3*l - 51 = 6*z - 3*z. Let p be (z/(-3 + 1))/(-1). Let u be (7 - 1)/(4 + p). Let h(g) = -g**3 - 2*g**2 + 4*g - 1. Determine h(u).
-4
Suppose 0 = -3*f - 10 + 4. Let z(t) = -t**3 - t**2 - 1. Let v(d) = -2*d - 1. Let n be (1/(-3))/((-6)/(-36)). Let m(b) = n*z(b) - v(b). What is m(f)?
-9
Let r(a) = a**2 - a. Let c(o) = 6*o**2 - 5*o - 3. Let m(h) = c(h) - 5*r(h). Let n = 72 + -72. Suppose 2*k = 2*l - 2, 7 = l + 2*k - n*k. Determine m(l).
6
Suppose 0 = -3*w + w + 2*b + 4, -5*w - b + 16 = 0. Let n(d) be the second derivative of -d**5/10 + 5*d**4/12 - d**3/6 - 2*d**2 + d. Calculate n(w).
-16
Suppose 49 = -16*f - 31. Let c(x) = x**3 + 3*x**2 - 10*x - 2. Determine c(f).
-2
Let g(l) = 14*l. Let z(x) be the second derivative of -3*x**3/2 - 21*x. Let h(f) = -5*g(f) - 8*z(f). Determine h(-5).
-10
Let o be (-620)/(-45) - -3*2/27. Suppose -3*u = -15, -3*f + u = -0*f + o. Let p(z) = 4*z + 3. What is p(f)?
-9
Let n(o) = 25 + o**2 + 13 - 12*o - 42 + o**2 - 4*o**2. Give n(-6).
-4
Let f = -9 + 5. Let j be (-1)/(1*2/f). Let n(m) = -2*m + m**2 - 3 + 0*m**2 + 5. What is n(j)?
2
Let b be (-15)/(-60) + 5/(-4) + 1. Let n(t) be the third derivative of 6*t**2 - 1/6*t**3 + 0 - 1/24*t**4 + b*t. Give n(-3).
2
Suppose 0 = -3*t - 3*z - 15, 3*t - 11*z + 12*z + 5 = 0. Let p(k) = -k**3 + k**2 - 27. Give p(t).
-27
Suppose -8*u = -12*u + 28. Let h(y) = 6*y**2 - 14*y - 6. Let i(c) = 5*c**2 - 13*c - 6. Let f(n) = u*i(n) - 6*h(n). What is f(-7)?
-6
Let l(h) = 2*h**2 - 4*h - 1. Let v(j) = j - 1. Let k be v(7). Let i(y) = y - 3. Let b be i(k). What is l(b)?
5
Let m(r) be the third derivative of r**4 + r**3/3 - 94*r**2 + 2. Determine m(1).
26
Let i(q) = 10*q - 48. Let g(w) = 3*w - 17. Let f(a) = -7*g(a) + 2*i(a). What is f(5)?
18
Let w = 240 - 243. Let o(q) = q**3 + 2*q**2 + 3*q + 4. What is o(w)?
-14
Let p(d) = 2*d - 1. Let w(s) = -s - 21. Let u be w(-7). Let n(r) = 2*r + 29. Let t be n(u). What is p(t)?
1
Let n(f) = 3. Let x(v) = -v - 9. Let i(d) = -2*n(d) - 2*x(d). Determine i(-9).
-6
Suppose 6*s = 6 + 6. Let o be 7/14*(-16)/s. Let z(a) = 4*a**2 - 5*a + 3. Let h(c) = -c**2. Let u(y) = 5*h(y) + z(y). Determine u(o).
7
Let w(p) = 10 + 1988*p**2 - 3972*p**2 + 1990*p**2 + p**3 + 4*p. Calculate w(-6).
-14
Let m(b) = 1 - 3 + 6 - b + 3*b. Give m(4).
12
Let i be ((-20)/16)/((-1)/8). Let z = 4 - 3. Let o(w) = i*w + 0*w - z + 0*w. Calculate o(1).
9
Let m be ((-63)/105)/((-2)/20). Let f(h) = m*h + 13*h + 6 - 21*h. What is f(6)?
-6
Let k(d) = d**2 - 9*d + 4. Let y(q) = -3*q - 71. Let t be y(-25). What is k(t)?
-16
Let k(a) = -3*a**2 - 17*a + 40. Let j be k(2). Let m(h) = -h**3 - 5*h**2 + 9*h + 5. What is m(j)?
-13
Let h be -3 + -6*(-4)/24. Let p(f) = -6*f**3 - 3*f**2 - 3*f - 3. Calculate p(h).
39
Let l(y) = -2*y - 88*y**2 + 8 - 5*y + 86*y**2. Determine l(-7).
-41
Suppose b - 2*c + 4 = 0, 26 - 3 = -4*b + c. Let i(f) = f - 9 - 3*f + 2. Determine i(b).
5
Let n(m) = 5*m**3 - 5*m + 2*m**3 + 1 + m**3 + 3*m**3 - 6*m**2 - 12*m**3. Calculate n(-5).
1
Let i(c) = c**2 - 2. Let y be 30/7 + 5*2/(-35). Let l(f) be the first derivative of f**2 - 5*f - 1. Let a be l(y). What is i(a)?
7
Let a = -76 - -79. Suppose a*r - r - g = 4, 5*r - 4*g = 10. Let x(m) be the third derivative of -m**4/24 + m**2. Calculate x(r).
-2
Let d(b) = b**2 + 1. Let v(z) = -z**2 - 3*z - 2. Let x(f) = -2*d(f) - v(f). Suppose -4*o + 4*r + 13 = -15, -3*r = -2*o + 17. Calculate x(o).
-4
Let k(r) = r**3 + r**2 - 4*r. Let b be k(-3). Let o = b + 10. Suppose o*s = -4*z - 16, 2*s + 6 = 5*z - 2. Let l(d) = -d**2 + d + 4. Determine l(z).
4
Let k(a) = 4*a + 3 + a**2 + 7*a + 5 - a. Give k(-7).
-13
Let z(n) be the third derivative of 0*n - 4*n**2 + 1/8*n**4 + 1/120*n**6 + 1/12*n**5 + 1/2*n**3 + 0. Suppose -29*i = -33*i - 16. Give z(i).
7
Let z(j) = -j**3 - 9*j**2 - j - 4. Let n be z(-9). Suppose 2 = n*q - 3. Let a(d) = -5 + 1 + 0 + q - 2*d. What is a(-5)?
7
Let x be 10/(-5) + ((-217)/15)/(-7). Let f(j) be the third derivative of 0*j - 7/6*j**3 + 6*j**2 + 1/8*j**4 + 0 - 1/120*j**6 - x*j**5. Determine f(-5).
3
Let x(k) = 3*k + 3*k - 79 + 104. Let g be x(-5). Let i(u) = -u**2 - 6*u - 6. Calculate i(g).
-1
Let d(j) be the first derivative of -3*j**2/2 - 2*j - 1. Let o = 107 + -111. Let c be o/((-12)/9) + 3/(-3). Give d(c).
-8
Let h(k) = -k**3 + 2*k**2 + k - 13. Let m(o) = o**3 + 4*o**2 + 2*o + 8. Let w be m(-4). Determine h(w).
-13
Let l be 8/(-14)*70/(-20). Let t(f) = -12 + 23 - 14 + l*f. Calculate t(3).
3
Let y(x) = 2*x + 6. Let f be y(-4). Let q be (2/f)/(2/(-6)). Let z(c) = 0*c - q*c + 4*c - 2*c - 2. Calculate z(4).
-6
Let u be (-152)/(-6)*(90/(-4))/(-5). Let g = u - 107. Let q(b) = -4*b + 7. Give q(g).
-21
Let j(b) be the third derivative of b**5/60 + b**4/4 + 5*b**3/3 - 98*b**2. Calculate j(-7).
17
Let z(m) = 114*m**2 - 17*m - 3 - 116*m**2 + 18*m. What is z(3)?
-18
Suppose 0 = 3*t - 4*k, -t + 0*t = k - 7. Let q(j) = -8*j + 8*j**2 + 0*j**2 + j**3 - 4*j**2 - t + 0. Let z be (-12)/3*(-10)/(-8). Give q(z).